is the greatest common factor of q and r?
8
Let i be -5 - (16 + -75) - 7. Calculate the highest common divisor of 1 and i.
1
Let t = -738 + 834. Suppose -2*v - 2*v = -t. Calculate the highest common factor of v and 132.
12
Let m be ((-6)/14 - 3)*((-36)/90 + (-30371)/110). Let k(p) = 2*p. Let g be k(6). What is the greatest common factor of m and g?
12
Suppose 3348 = 3*n + 4*h, -19*h + 21*h - 2232 = -2*n. Let q = n + -811. Calculate the highest common divisor of q and 122.
61
Let o(y) = 3*y**2 - 29*y - 89. Let q be o(-9). Calculate the greatest common divisor of 83 and q.
83
Let t be 10/(-6) - (-3921594)/306. Calculate the greatest common divisor of t and 86.
86
Let x = 16 - 13. Let f(h) = -15*h**2 - 10*h**x - 3*h + 18 + 2*h + 11*h**3 - 2. Let g be f(15). Calculate the greatest common factor of g and 2.
1
Let k be 36/(-162) - (-220)/18. Suppose -14*y - k*y = -52. Let h(m) = -3*m - 4. Let u be h(-4). Calculate the highest common factor of u and y.
2
Let p be (30/(-80))/(2/(-816)). Calculate the greatest common factor of 657 and p.
9
Let x(b) = 15*b**3 - 3*b**2 + 10*b - 19. Let q be x(3). Suppose -15*d + q = -61. What is the greatest common factor of d and 390?
30
Suppose 0 = -0*y - 2*y + 60. Suppose -4*l = -a + 302, -3*a + a = -4. Let i = -63 - l. What is the greatest common factor of i and y?
6
Let k = 8996 - 8756. Calculate the highest common divisor of k and 26.
2
Let k be ((-26)/(-52))/(-1 + 5/6)*-213. What is the highest common divisor of 2840 and k?
71
Let w(b) = 7*b**2 - 11*b - 1025. Let d be w(13). Suppose 0*v - 48 = -v + 3*m, 4*m + 168 = 4*v. What is the highest common divisor of d and v?
3
Let j be 1/(((-9)/(-18))/(13/2)). Let a = -9 + 29. Suppose -j = -l + a. What is the highest common factor of 165 and l?
33
Suppose 0 = -3*k - 0*k + 924. Let d(l) = -4*l**2 - 36*l + 692. Let b be d(-18). What is the greatest common divisor of b and k?
44
Let o(l) = -8 - 84*l - 1 + l**3 + 7*l**2 + 18*l + 7. Let c be o(6). What is the greatest common divisor of 455 and c?
35
Let t be (27/(-1))/((8/(-2))/160). Calculate the highest common factor of t and 20.
20
Let l = -19785 + 32226. What is the greatest common factor of l and 33?
33
Let n be 16/(-2 - -6) + 425. Let d be 3/(-15) + 392/10. Calculate the greatest common divisor of d and n.
39
Suppose 22*o + 6792 = 18232. Calculate the highest common divisor of o and 72.
8
Suppose 5*u - 1960 = -3*u. Suppose u = 3*k - 7. What is the highest common factor of 60 and k?
12
Let v = 641 - 290. Let u = v - -265. Calculate the greatest common factor of u and 77.
77
Let i be (-7)/(-2) - (-2)/4. Let p = -32 - -31. Let k be 4 - (0/p)/(-4). What is the greatest common divisor of k and i?
4
Suppose -79 = 5*y + 4*b - 393, 3*b + 183 = 3*y. Let q = 34 + y. Calculate the greatest common factor of q and 64.
32
Let k(w) = -2*w**3 - 14*w**2 + w + 7. Let b be k(-7). Suppose b = -24*u + 638 + 658. What is the greatest common factor of 216 and u?
54
Let q be -655*65/52*-4. Calculate the greatest common factor of q and 50.
25
Let j(o) = 1493*o + 8. Let b be j(0). What is the highest common divisor of b and 31664?
8
Suppose 35*u = 60*u - 611 - 239. What is the greatest common factor of 2822 and u?
34
Let l(d) = 8*d**3 - 320*d**2 + 5*d - 50. Let p be l(40). Let z = 71 + 19. Calculate the highest common factor of z and p.
30
Let a = 646 + -466. Let p be (-960)/a*(-58 + (3 - 2)). Calculate the greatest common divisor of 38 and p.
38
Let c = -171 + 169. Let l = c - -41. Calculate the greatest common divisor of 78 and l.
39
Suppose 7*d + l - 6 = 4*d, 0 = -3*l - 9. Suppose 0 = -13*y + 10*y + d*c + 192, y - 4*c = 49. What is the greatest common factor of 3 and y?
3
Suppose -5 = b - 8. Let h be (-200)/6 + (16/b)/4. Let m = h + 62. Calculate the highest common factor of 30 and m.
30
Suppose -34132 = -1100*q + 1072*q. What is the highest common divisor of q and 265?
53
Let j = -7863 - -8608. What is the highest common factor of j and 8791?
149
Suppose 28*f = 9*f. Suppose f*s - 5*s = -390. Calculate the greatest common factor of 12 and s.
6
Let t = -636 - -944. Suppose n + 378 = -5*x, -3*n - 11 = 3*x + 211. Let z = t + x. Calculate the highest common factor of z and 29.
29
Suppose 3*f - 11 = -4*k, -4*f + 7*k - 8*k = -19. Suppose -428 = -2*s - 5*m, 4*s - f*m = 2*s + 468. Calculate the greatest common divisor of s and 28.
28
Suppose -2*p = -2*t - 3 - 1, 0 = 4*t. Let o = 186 + -181. Let n be 5/(45/o + -8). Calculate the highest common divisor of n and p.
1
Suppose 29*p = 26*p + 6. Suppose -p*q = q - 57. Let h = 107 + -12. What is the highest common factor of h and q?
19
Suppose 946028 + 329283 = 198*w + 173243. Calculate the greatest common divisor of w and 138.
46
Let f(t) = -191*t + 1682. Let j be f(8). What is the greatest common divisor of j and 2266?
22
Suppose -118*f + 215*f = 263355. Calculate the greatest common divisor of 1 and f.
1
Suppose 9*w - 25 = 4*w. Suppose -16 = -3*r - 4*t + 6, -3*t = -4*r + 46. Calculate the highest common factor of r and w.
5
Let k = 28 + -5. Suppose 127*m - 51*m - 91094 = -85850. What is the greatest common divisor of k and m?
23
Let r(q) = q + 23. Let f be r(-7). Suppose -2*v + 474 = 2*g, -f + 15 = -g. What is the highest common divisor of 59 and v?
59
Let o(f) be the first derivative of -f**4/2 - 3*f**2/2 + 88*f - 88. Let g be o(0). Calculate the greatest common factor of 33 and g.
11
Suppose -23*x + 285 = 25*x - 867. What is the greatest common factor of x and 184?
8
Suppose -52*o + 11491 = -4057. Calculate the greatest common divisor of 91 and o.
13
Let q = 615 + -216. Suppose -4*m = -0*p + 3*p - 567, 3*m - 3*p = q. Suppose 6*k - m + 48 = 0. Calculate the highest common factor of 30 and k.
15
Suppose -10*y = -6*y - 40. Let f be 1126/8*16/2. Suppose -f = -y*c + 1664. What is the greatest common factor of 31 and c?
31
Suppose 326*g + 1949931 = 990*g - 79253. Calculate the highest common divisor of g and 24.
8
Let t(o) = 5183*o - 469. Let z be t(4). Calculate the greatest common factor of 23 and z.
23
Let y be (387/2)/(2268/504). Calculate the highest common factor of 32551 and y.
43
Let x(m) = -2*m**2 - 2*m + 4. Let l be x(-3). Let u be -1 - (1 + -3)/(l/(-20)). What is the greatest common divisor of u and 148?
4
Let b(c) = 197*c**3 - 15*c**2 + 4*c + 9. Let f be b(3). What is the highest common divisor of f and 15?
15
Let u = -4302 + 4322. Calculate the highest common factor of u and 10060.
20
Let c be 96*((-6)/(-4))/3. Suppose -3*h - 45 = -3*x, -5*x - h = -8*x + 55. Let b = 16 + x. Calculate the highest common divisor of c and b.
12
Let s(l) = 29*l + 693. Let j be s(-21). What is the highest common factor of j and 2310?
42
Let y = 1973 - 867. Calculate the greatest common divisor of 56 and y.
14
Let s = 4920 - 4230. Calculate the greatest common divisor of s and 207.
69
Let d = 39852 - 32140. What is the highest common divisor of 96 and d?
32
Let k(m) = m**3 - 11*m**2 - 18*m + 39. Let c be k(15). Let u = -651 + c. Calculate the greatest common divisor of u and 306.
18
Let z(t) = -139*t - 441. Let o be z(-14). Calculate the highest common factor of 70 and o.
35
Let k(p) = -p**2 + 69*p + 255. Let i be k(72). Suppose 172 = 3*d - 4*a, -2*a + 7*a = 4*d - 228. Calculate the greatest common factor of d and i.
13
Let c(l) = 2*l - 22. Let z be c(23). Calculate the highest common divisor of 248 and z.
8
Let t(d) = -5*d - 6. Let w be t(-10). Let m = -31 + w. Suppose n + 1 = -f + m, -4*f + 4*n + 80 = 0. Calculate the highest common divisor of 128 and f.
16
Let g be (-46 - -40) + 6*3. What is the greatest common divisor of 1164 and g?
12
Suppose 0 = -52*t - 8076 + 63768. Calculate the highest common factor of t and 819.
63
Suppose -g - g - 2*n = -8, 7*n - 22 = -4*g. Suppose -4*h = 5*x - 2296, 2*h - 609 = g*x + 539. What is the highest common factor of h and 14?
14
Let j be (4/12*-35)/(325/(-1170)). What is the highest common factor of 266 and j?
14
Let o be (-18)/12*(-8)/6. Suppose 4 = o*k - i - 26, -k = 4*i - 24. Suppose 3 = 2*n - 3*n, -3*n = -4*a + 17. Calculate the greatest common factor of a and k.
2
Suppose 6*t - 1988 = 6196. Suppose 3*m + 3*w - 1365 = 0, -5*w + t = 3*m - w. Calculate the highest common factor of m and 4.
4
Suppose -5*u + 9*u = -h - 6, -1 = -u. Let x = 34 + h. What is the highest common facto